rs of 104746?
2, 83, 631
What are the prime factors of 2050357?
2050357
What are the prime factors of 33733218?
2, 3, 5622203
List the prime factors of 147071.
61, 2411
What are the prime factors of 10940300?
2, 5, 7, 15629
What are the prime factors of 739652?
2, 184913
List the prime factors of 1142150.
2, 5, 53, 431
What are the prime factors of 1009125?
3, 5, 13, 23
What are the prime factors of 1391846?
2, 487, 1429
List the prime factors of 796314.
2, 3, 17, 37, 211
What are the prime factors of 1347686?
2, 359, 1877
List the prime factors of 1556386.
2, 13, 31, 1931
What are the prime factors of 8288?
2, 7, 37
List the prime factors of 13212224.
2, 59, 3499
List the prime factors of 70634.
2, 35317
What are the prime factors of 757811?
757811
What are the prime factors of 13288387?
7, 41, 46301
What are the prime factors of 3704483?
151, 24533
List the prime factors of 2410012.
2, 11, 54773
List the prime factors of 1425205.
5, 29, 9829
List the prime factors of 7550625.
3, 5, 4027
What are the prime factors of 4120301?
4120301
List the prime factors of 89123.
89123
List the prime factors of 920967.
3, 37, 8297
List the prime factors of 1047533.
1047533
What are the prime factors of 1266724?
2, 316681
What are the prime factors of 193526?
2, 96763
List the prime factors of 2107080.
2, 3, 5, 1951
What are the prime factors of 125412?
2, 3, 7, 1493
What are the prime factors of 667546?
2, 11, 19, 1597
What are the prime factors of 409812?
2, 3, 13, 37, 71
List the prime factors of 3434784.
2, 3, 37, 967
What are the prime factors of 1012921?
7, 13, 11131
What are the prime factors of 763309?
29, 26321
List the prime factors of 468944.
2, 7, 53, 79
What are the prime factors of 479246?
2, 239623
What are the prime factors of 11057191?
17, 37, 17579
List the prime factors of 186018.
2, 3, 7, 43, 103
List the prime factors of 203065.
5, 17, 2389
What are the prime factors of 168223?
11, 41, 373
What are the prime factors of 1005236?
2, 47, 5347
What are the prime factors of 2130350?
2, 5, 137, 311
What are the prime factors of 20738?
2, 10369
What are the prime factors of 654108?
2, 3, 7, 13, 599
List the prime factors of 751260.
2, 3, 5, 19, 659
List the prime factors of 6681749.
19, 83, 223
What are the prime factors of 2378516?
2, 7, 84947
What are the prime factors of 21939781?
71, 309011
What are the prime factors of 11739?
3, 7, 13, 43
What are the prime factors of 94235?
5, 47, 401
What are the prime factors of 36871919?
7, 5267417
What are the prime factors of 968121?
3, 7, 11, 127
List the prime factors of 191546.
2, 95773
What are the prime factors of 614856?
2, 3, 11, 17, 137
List the prime factors of 13586686.
2, 6793343
List the prime factors of 86334.
2, 3, 14389
What are the prime factors of 15694118?
2, 11, 59, 107, 113
List the prime factors of 5432790.
2, 3, 5, 11, 101, 163
List the prime factors of 274366.
2, 137183
What are the prime factors of 822098?
2, 411049
List the prime factors of 850649.
19, 44771
List the prime factors of 2674027.
37, 72271
What are the prime factors of 21935488?
2, 409, 419
What are the prime factors of 2950150?
2, 5, 7, 8429
What are the prime factors of 1624373?
1624373
List the prime factors of 30245837.
30245837
List the prime factors of 1848905.
5, 53, 6977
List the prime factors of 21275998.
2, 10637999
What are the prime factors of 2161382?
2, 31, 71, 491
What are the prime factors of 151771?
151771
What are the prime factors of 88231?
11, 13, 617
List the prime factors of 115064.
2, 19, 757
List the prime factors of 21453922.
2, 7, 31, 49433
What are the prime factors of 568274?
2, 7, 40591
List the prime factors of 195531.
3, 7, 9311
What are the prime factors of 427638?
2, 3, 263, 271
What are the prime factors of 3253263?
3, 13, 83417
What are the prime factors of 12149774?
2, 7, 13, 241, 277
What are the prime factors of 23824184?
2, 127, 131, 179
What are the prime factors of 138498?
2, 3, 41, 563
List the prime factors of 953338.
2, 83, 5743
What are the prime factors of 3343849?
17, 239, 823
List the prime factors of 583139.
583139
List the prime factors of 1567109.
1567109
List the prime factors of 5600916.
2, 3, 155581
What are the prime factors of 17215188?
2, 3, 1434599
What are the prime factors of 502860?
2, 3, 5, 17, 29
What are the prime factors of 32696535?
3, 5, 2179769
What are the prime factors of 22526720?
2, 5, 17599
What are the prime factors of 3260750?
2, 5, 13043
List the prime factors of 5871458.
2, 2935729
List the prime factors of 799239.
3, 7, 5437
List the prime factors of 262872.
2, 3, 1217
What are the prime factors of 195394?
2, 151, 647
What are the prime factors of 2445987?
3, 89, 9161
List the prime factors of 913881.
3, 19, 16033
What are the prime factors of 527570?
2, 5, 52757
List the prime factors of 27877563.
3, 7, 442501
What are the prime factors of 2613598?
2, 13, 100523
What are the prime factors of 12227455?
5, 59, 181, 229
What are the prime factors of 141235?
5, 47, 601
What are the prime factors of 1314132?
2, 3, 41, 2671
What are the prime factors of 247976?
2, 139, 223
What are the prime factors of 2180547?
3, 80761
List the prime factors of 343920.
2, 3, 5, 1433
What are the prime factors of 2576332?
2, 11, 5323
What are the prime factors of 1680778?
2, 11, 19, 4021
What are the prime factors of 29367?
3, 13, 251
What are the prime factors of 18892154?
2, 23, 59, 6961
What are the prime factors of 349589?
349589
What are the prime factors of 11493649?
17, 67, 10091
List the prime factors of 257856.
2, 3, 17, 79
What are the prime factors of 32548544?
2, 7, 97, 107
List the prime factors of 397139.
409, 971
What are the prime factors of 7143378?
2, 3, 11, 108233
What are the prime factors of 1786572?
2, 3, 49627
List the prime factors of 40432.
2, 7, 19
List the prime factors of 5612248.
2, 701531
List the prime factors of 492927.
3, 164309
List the prime factors of 16135676.
2, 139, 29021
What are the prime factors of 17579427?
3, 19, 308411
What are the prime factors of 91440?
2, 3, 5, 127
What are the prime factors of 251446?
2, 13, 19, 509
List the prime factors of 9691445.
5, 17, 113, 1009
What are the prime factors of 7237159?
107, 239, 283
What are the prime factors of 575976?
2, 3, 103, 233
What are the prime factors of 68359?
197, 347
What are the prime factors of 4357843?
7, 622549
What are the prime factors of 93885?
3, 5, 11, 569
What are the prime factors of 1491794?
2, 107, 6971
List the prime factors of 1734648.
2, 3, 72277
List the prime factors of 1568116.
2, 11, 157, 227
What are the prime factors of 3207385?
5, 127, 5051
List the prime factors of 100778.
2, 41, 1229
What are the prime factors of 391090?
2, 5, 7, 37, 151
What are the prime factors of 5853715?
5, 7, 167249
List the prime factors of 866351.
47, 18433
What are the prime factors of 86535?
3, 5, 641
What are the prime factors of 753224?
2, 94153
List the prime factors of 3432853.
3432853
List the prime factors of 996578.
2, 11, 97, 467
List the prime factors of 7741644.
2, 3, 645137
List the prime factors of 14876130.
2, 3, 5, 29, 17099
List the prime factors of 65669.
97, 677
What are the prime factors of 5829411?
3, 7, 89, 3119
What are the prime factors of 357645?
3, 5, 113, 211
What are the prime factors of 35496529?
41, 865769
What are the prime factors of 25345316?
2, 19, 333491
List the prime factors of 642040.
2, 5, 7, 2293
What are the prime factors of 7835799?
3, 1399, 1867
List the prime factors of 818601.
3, 7, 17, 2293
What are the prime factors of 769579?
769579
What are the prime factors of 13560366?
2, 3, 2260061
List the prime factors of 11433529.
727, 15727
What are the prime factors of 271088?
2, 16943
List the prime factors of 941429.
941429
What are the prime factors of 2405313?
3, 17, 79, 199
What are the prime factors of 411795?
3, 5, 9151
List the prime factors of 2855153.
7, 407879
What are the prime factors of 717399?
3, 79, 1009
What are the prime factors of 10878?
2, 3, 7, 37
List the prime factors of 329644.
2, 7, 61, 193
List the prime factors of 114412.
2, 28603
List the prime factors of 2760916.
2, 29, 23801
What are the prime factors of 292222?
2, 7, 20873
List the prime factors of 902247.
3, 300749
List the prime facto